6
Calculate the greatest common factor of 3550 and 784670.
10
What is the highest common divisor of 4 and 1688998?
2
Calculate the greatest common divisor of 166005 and 58498020.
5355
Calculate the greatest common divisor of 13627670 and 224.
14
Calculate the greatest common divisor of 2593824 and 2488.
8
What is the greatest common factor of 2844 and 921996?
36
What is the highest common factor of 148 and 8313382?
74
What is the greatest common divisor of 326879784 and 504?
504
Calculate the greatest common divisor of 34047906 and 102.
102
Calculate the highest common factor of 554718 and 84606.
354
Calculate the greatest common factor of 955164420 and 3195.
3195
Calculate the highest common factor of 2881630 and 481028.
4538
What is the highest common factor of 1659467 and 725?
29
What is the highest common factor of 402338 and 330262?
74
What is the highest common divisor of 194 and 54254?
2
Calculate the greatest common divisor of 3536 and 192002304.
208
Calculate the highest common divisor of 372040 and 33512.
568
What is the greatest common divisor of 1177 and 197602999?
1177
Calculate the highest common divisor of 6542277 and 84.
21
Calculate the highest common divisor of 984 and 192306810.
246
Calculate the greatest common factor of 22 and 695028202.
22
Calculate the greatest common divisor of 11212736 and 4541.
19
Calculate the highest common factor of 133215 and 16766.
83
Calculate the greatest common factor of 39864 and 32824.
88
Calculate the highest common factor of 188500689 and 13.
13
Calculate the highest common divisor of 3778965 and 8295.
1185
Calculate the greatest common factor of 706626 and 2934.
18
What is the greatest common divisor of 109 and 243925868?
109
What is the highest common divisor of 679413 and 525?
21
What is the greatest common divisor of 164 and 18743847?
41
What is the highest common divisor of 2497283 and 9656?
1207
What is the greatest common factor of 36275 and 20?
5
Calculate the highest common divisor of 14 and 1544501.
7
What is the highest common factor of 8996 and 5588765?
2249
Calculate the greatest common factor of 486005 and 1261.
13
What is the greatest common divisor of 19822 and 18709163?
187
What is the greatest common factor of 107821 and 4258674?
511
Calculate the highest common divisor of 113092 and 97513.
577
What is the highest common factor of 37 and 2043574972?
37
What is the greatest common factor of 7565 and 364010?
445
What is the greatest common divisor of 344855910 and 185?
185
Calculate the greatest common factor of 4021764 and 6420864.
8724
Calculate the greatest common divisor of 1664 and 47282924.
52
Calculate the greatest common factor of 17884 and 4902256.
68
What is the greatest common divisor of 180 and 2387970?
90
What is the highest common divisor of 232 and 367360574?
58
Calculate the highest common divisor of 6450984 and 1800.
72
What is the greatest common divisor of 1102285 and 287?
41
What is the highest common factor of 15631359 and 11229?
591
Calculate the greatest common factor of 1372773976 and 224.
56
What is the highest common factor of 301967 and 133?
19
What is the greatest common divisor of 283507 and 68579?
707
Calculate the greatest common divisor of 15456 and 93978.
138
What is the highest common divisor of 7549846 and 12367?
83
What is the greatest common factor of 17541 and 10458?
9
Calculate the highest common factor of 560095 and 90.
5
What is the highest common divisor of 429 and 31687331?
13
Calculate the greatest common divisor of 41744 and 269168.
16
Calculate the greatest common factor of 608 and 149253968.
304
Calculate the highest common divisor of 14582596 and 53298.
658
What is the greatest common divisor of 893 and 36794279?
893
What is the greatest common divisor of 796 and 143087965?
199
Calculate the greatest common factor of 4190208 and 2244.
132
Calculate the greatest common factor of 12579 and 246669997.
4193
Calculate the greatest common factor of 64490430 and 30.
30
Calculate the greatest common factor of 16 and 32878976.
16
What is the greatest common factor of 477022 and 78?
26
Calculate the highest common factor of 726 and 1653894.
66
What is the highest common divisor of 9443445 and 645?
645
What is the highest common factor of 38665 and 180611245?
3515
What is the greatest common factor of 1244934 and 18?
18
Calculate the highest common divisor of 103482756 and 22338.
1314
What is the greatest common factor of 24 and 48063896?
8
What is the highest common factor of 220597 and 2150590?
923
What is the highest common divisor of 104345 and 131815?
205
What is the greatest common divisor of 199939416 and 148?
148
Calculate the highest common factor of 24 and 857442.
6
What is the highest common divisor of 7570 and 6204372?
1514
Calculate the greatest common factor of 15259448 and 8.
8
What is the highest common divisor of 11227 and 8484451?
109
What is the highest common divisor of 108834 and 599522?
374
Calculate the greatest common divisor of 149242 and 14342.
142
What is the greatest common divisor of 1158629 and 9?
1
What is the greatest common divisor of 5042909 and 50462?
1097
Calculate the greatest common factor of 19028508 and 408.
204
Calculate the highest common factor of 56834 and 96398.
314
Calculate the highest common divisor of 4874198 and 21.
7
Calculate the highest common divisor of 29631581 and 34279.
581
Calculate the greatest common factor of 6968 and 33031804.
3484
What is the greatest common divisor of 47776755 and 1473?
1473
What is the greatest common divisor of 52 and 100202596?
52
Calculate the greatest common factor of 18715 and 9785975.
985
Calculate the greatest common factor of 7094399 and 65.
13
What is the highest common factor of 190720 and 9120?
160
What is the greatest common divisor of 5740 and 114543340?
820
Calculate the greatest common divisor of 168362346 and 34362.
11454
Calculate the greatest common factor of 7617 and 25115788.
2539
Calculate the greatest common divisor of 6179225 and 6565.
65
What is the highest common factor of 1897202 and 1598?
94
What is the greatest common factor of 66 and 2088339?
33
What is the highest common divisor of 31259328 and 272?
272
Calculate the highest common divisor of 56420045 and 55.
55
Calculate the highest common divisor of 53965737 and 189.
189
What is the greatest common factor of 132 and 188987082?
6
Calculate the highest common factor of 200 and 2245920.
40
Calculate the highest common divisor of 1110 and 2402484.
222
Calculate the highest common factor of 15080 and 2713704.
232
Calculate the highest common factor of 10318 and 78826.
22
What is the greatest common divisor of 26262 and 76806?
18
What is the highest common factor of 564160 and 2127640?
1720
What is the greatest common divisor of 92 and 120578?
2
What is the greatest common factor of 7056 and 2703624?
1176
Calculate the highest common divisor of 1520 and 21638910.
190
Calculate the greatest common divisor of 963 and 99077934.
321
What is the highest common divisor of 8138 and 544414?
26
Calculate the greatest common divisor of 66178 and 146566.
406
What is the highest common factor of 1117596 and 204?
12
What is the highest common divisor of 113271 and 6681?
51
Calculate the highest common factor of 4234 and 76366541.
2117
What is the greatest common divisor of 542368 and 4216?
136
Calculate the highest common factor of 275219 and 987.
7
Calculate the highest common divisor of 4080 and 39126.
6
What is the highest common factor of 4340 and 244864970?
2170
Calculate the highest common divisor of 6298240 and 455.
65
What is the greatest common divisor of 59624628 and 168?
84
What is the highest common divisor of 482427 and 221793?
363
Calculate the greatest common divisor of 87168 and 252.
12
What is the greatest common factor of 333 and 26360613?
333
Calculate the highest common factor of 34 and 67785868.
34
Calculate the greatest common divisor of 485 and 599185.
5
Calculate the greatest common divisor of 1478 and 138073282.
1478
Calculate the greatest common divisor of 60 and 14867745.
15
What is the greatest common factor of 57567 and 1212621?
1857
What is the greatest common divisor of 305270 and 13095460?
6230
What is the greatest common divisor of 520 and 19630676?
52
What